se 0 = -19*a + 3488 - 581. What are the prime factors of a?
3, 17
Let k = -1302 + 2203. List the prime factors of k.
17, 53
List the prime factors of (-265)/10*(-28)/((-2)/(-1)).
7, 53
Let l be (-39)/(3/3) - 2. Let g = 110 + l. What are the prime factors of g?
3, 23
List the prime factors of ((-36)/90)/((-1)/1165).
2, 233
Suppose 451*w = 443*w + 41976. List the prime factors of w.
3, 11, 53
Suppose o + 3*z - 82 = -21, 0 = -3*o - 2*z + 190. What are the prime factors of ((-9)/4)/((-8)/o)?
2, 3
Let c be (-3)/2*40/(-15). List the prime factors of (c + 52/16)*4.
29
Suppose -1450 = -34*p + 24*p. What are the prime factors of p?
5, 29
Suppose 0 = 5*o - 5*j - 0*j + 50, 15 = -2*o - 3*j. What are the prime factors of (0 - (-146)/(-6))/(3/o)?
73
Let l(r) = -r**3 + r**2 + 21. Let q be l(0). Suppose s = -2*s + q. Suppose 44 = 3*n + o, 4*o + 26 = n + s. What are the prime factors of n?
3, 5
Suppose -3*r = -r + 4*j + 4, -3*r - 16 = j. List the prime factors of r/(-10) + (-3942)/(-30).
2, 3, 11
Let j(x) = 28*x**2 + x + 1. Let t = 32 - 33. List the prime factors of j(t).
2, 7
Let t be (0 - -2 - 37)/(-1). Suppose -5*p = -t + 5. What are the prime factors of (-1)/(-2)*(52 + p)?
29
Suppose -13*z + 276 = -7*z. Suppose 4 = 4*c, 10*t - 5*t - c - 344 = 0. Let q = t - z. List the prime factors of q.
23
Suppose -8*q + 216 - 1240 = 0. Let s = -13 - q. List the prime factors of s.
5, 23
Let y(u) = -5*u**3 + 14*u**2 - 26*u + 17. Let l(o) = 4*o**3 - 13*o**2 + 26*o - 16. Let n(i) = 4*l(i) + 3*y(i). List the prime factors of n(10).
13, 19
Let p be (-7)/(84/10)*-6. What are the prime factors of (p - (4 - 3)) + 136?
2, 5, 7
Let z(k) = 4*k**2 - 14 - 5*k - 3*k**2 + 5*k. What are the prime factors of z(-8)?
2, 5
Let o = 1729 + -781. What are the prime factors of o?
2, 3, 79
Let u be 0 + -2 - 9/3. Let y = u - -16. What are the prime factors of (-480)/(-22) - (-2)/y?
2, 11
Suppose -2*y = 4*t - 2264, y + 4*t - 1468 + 328 = 0. Suppose -6*x + 784 + y = 0. List the prime factors of x.
2, 3, 53
Suppose 5*a - 6239 = -4*o + 10902, -4*a - o + 13715 = 0. What are the prime factors of a?
3, 127
Let m be 0*(3 + -4) + 20. Let q be 296/10 + 8/m. Suppose -4*h = 2*n - 26, -2*n - 2*h + 0*h = -q. What are the prime factors of n?
17
Suppose 5*u + 1165 = 4*b + 272, 4*b - u - 889 = 0. What are the prime factors of b?
2, 3, 37
Suppose 2*b - 2*h = 12, -4*b + 19 - 7 = 2*h. Suppose -2*z - 57 = -5*k, 2*k + k = b*z + 37. What are the prime factors of (k - 2)*(4 + -3)?
3
Suppose 0 = -3*w - 2*i - 72, 0*i = -3*w + 2*i - 84. Let m(y) = y - 4. Let b be m(-9). Let r = b - w. List the prime factors of r.
13
Let j(h) = -725*h + 61. List the prime factors of j(-2).
1511
Suppose 6*l + 30 = -96. Let q = l - -25. Suppose -2*f - 37 = -5*s + 2*f, 5*f - 46 = -q*s. What are the prime factors of s?
3
Let d(f) = -2*f - 6. Let u(v) = -v**2 - 5*v - 4. Let a be u(-5). Let r be d(a). Suppose -4*t - o + 63 = 2*o, -4*o = r*t - 34. List the prime factors of t.
3, 5
Let y(o) be the second derivative of 6*o + 0 + 1/3*o**3 - o**2. List the prime factors of y(7).
2, 3
Suppose -25 = 4*d + c, 0 = 3*d + 2*c - 3*c + 17. Let g(l) = -6*l + l**3 + 0 + 5*l**2 + 3 - 1 + 4. List the prime factors of g(d).
2, 3
Let h(a) = -30*a - 412. List the prime factors of h(-60).
2, 347
Let s(k) = -k**3 - 3*k**2 - 10. Let x be s(-8). Suppose 9*c = -c + x. What are the prime factors of c?
31
List the prime factors of 253006/703 + (-4)/(-38).
2, 3, 5
Let t be 8 - -6*5/(-10). Suppose 5 = -5*r - t*b, 0 = -2*r + 3*b + 18 - 0. List the prime factors of r.
3
Suppose -13*h - 8360 = -32*h. Suppose 2*v - 4*q - h = 0, 6*v = 4*v + q + 443. What are the prime factors of v?
2, 3, 37
Suppose 35*f - 2100 = 29*f. What are the prime factors of f?
2, 5, 7
Suppose 304*n - 299*n = 3300. List the prime factors of n.
2, 3, 5, 11
Let w(t) be the first derivative of -t**5/60 - 5*t**4/12 + t**3/3 + 3*t**2/2 - 2. Let j(a) be the second derivative of w(a). List the prime factors of j(-6).
2, 13
Suppose 2*y = -3*y + 30. Let x(p) = -8 + 12*p + 12*p + 13*p - 35*p. What are the prime factors of x(y)?
2
Suppose 61*y - 1260 = 51*y. What are the prime factors of y?
2, 3, 7
What are the prime factors of (14956/24 - 9) + 1/(-6)?
2, 307
Suppose -30 = -5*z - 5. Suppose z*u - 33 = 5*i - 308, -4*i - u + 210 = 0. List the prime factors of i.
53
Let v(x) = 22*x**3. Let j be v(-1). Let p be (15/(-5) - 35)*-1. Let s = j + p. List the prime factors of s.
2
Suppose -144*n + 155*n = 10296. What are the prime factors of n?
2, 3, 13
Let s = 1002 - 778. What are the prime factors of s?
2, 7
Let h = -1 - -3. Suppose 0 = h*m + 3*m. Let k = 6 + m. What are the prime factors of k?
2, 3
Suppose -2*c + 240 = 2*g, -5*g - c = 306 - 910. Suppose 0 = -g*v + 125*v - 976. List the prime factors of v.
2, 61
Suppose 0 = -3*j + 74 + 70. Let i = j - 26. List the prime factors of i.
2, 11
List the prime factors of 100/(-650) - 111414/(-26).
5, 857
Let s(b) be the second derivative of -25*b**3/6 + 49*b**2/2 + 16*b + 1. List the prime factors of s(-7).
2, 7
Let b = -115 + 359. What are the prime factors of b?
2, 61
Let c(x) = 8*x**3 + 2*x**2 - 7*x. What are the prime factors of c(4)?
2, 3, 43
Suppose 13*z = 790 + 5606. What are the prime factors of z?
2, 3, 41
Suppose 0 = f + d - 1, -f - d - 15 = -4*f. Suppose 0 = -f*x + 4*h + 672, 2*h + 6 + 503 = 3*x. List the prime factors of x.
173
Suppose 7*a - 2*i - 2 = 4*a, 4 = 5*a - 3*i. Let s(t) = 0*t**2 + 6*t - 1 - 6*t**3 + 2*t**3 + 3*t**3 + 6*t**a. What are the prime factors of s(6)?
5, 7
Let q(t) = -t**3 + 28*t**2 + 3*t + 5. What are the prime factors of q(19)?
7, 11, 43
Let o = 314 - 172. List the prime factors of o.
2, 71
Let j = -4 + 3. Let o be (-958)/(-8) + j/(-4). Suppose 5*z + 3*h - h = o, -z + 2*h + 24 = 0. List the prime factors of z.
2, 3
Let d(c) = -3*c - 15. Let j = -1 - -7. Let f(a) = -2*a + 1. Let l be f(j). What are the prime factors of d(l)?
2, 3
Let a = 661 + -225. What are the prime factors of a?
2, 109
What are the prime factors of 691/3 - 384/(-144)?
233
What are the prime factors of 10/(-1 - 44/(-36))?
3, 5
Let p(t) = 33*t**3 + 2*t**2 - t - 4. Suppose -s - 4*s - 6 = -3*x, -2*s + 8 = 4*x. What are the prime factors of p(x)?
2, 7, 19
Let r(b) be the second derivative of -b**3/2 - 2*b**2 + 2*b. Let g be r(-3). Let i(d) = 7*d - 5. List the prime factors of i(g).
2, 3, 5
Suppose -66*h = -71*h + 3440. What are the prime factors of h?
2, 43
Let j be 362/6 - (-2)/3. Suppose -j + 251 = -5*x. Let s = 69 + x. What are the prime factors of s?
31
Let g(v) = 39*v**2 - 2*v + 11. List the prime factors of g(5).
2, 61
Let y(m) = m**3 + 15*m**2 - 13*m - 10. List the prime factors of y(-13).
7, 71
Let s be (-3)/9 - 175/15. Let i = -2 + s. Let l = i + 19. What are the prime factors of l?
5
Let q = 6489 + -3821. List the prime factors of q.
2, 23, 29
Let i = -1712 - -2591. What are the prime factors of i?
3, 293
Let x(p) = 59*p - 122. What are the prime factors of x(11)?
17, 31
Let s be (-313)/(-7) + 4/14. Let f = s + -4. List the prime factors of f.
41
Let v = 480 + -449. List the prime factors of v.
31
Let u be 170/6 - 6/9*-1. Suppose 390 = 32*n - u*n. List the prime factors of n.
2, 5, 13
Let g(f) = -f**3 + 8*f**2 + 3*f - 8. Let b(o) = 3*o - 7. Suppose -7 + 32 = 5*m. Let y be b(m). List the prime factors of g(y).
2
Let j(p) = 7*p + 17. Let l(h) = -h. Let r(o) = -j(o) + 6*l(o). List the prime factors of r(-7).
2, 37
Let a(i) = 151*i**2 - 11*i - 19. What are the prime factors of a(-3)?
1373
Let u = 43 - 22. Suppose 3*z = 22 - 7, -3*j - 3*z + u = 0. Suppose -3*x + 20 = j*x. List the prime factors of x.
2
Suppose -18*r = -23*r + 2110. List the prime factors of r.
2, 211
Let r = 105 - -1837. What are the prime factors of r?
2, 971
Suppose -6*o - 22 - 2 = 0. Let n be (o/8)/(1/(-18)). Suppose z = n - 1. List the prime factors of z.
2
Let b(z) = 5*z - 2. Let j be b(-3). Let r(h) = h. Let l(y) = -3*y - 13. Let q(g) = l(g) - r(g). List the prime factors of q(j).
5, 11
Let k(j) = 4*j - 13. Let q be k(7). Let c be 6/q + (-48)/20. What are the prime factors of 1 - (c + (-12 - 0))?
3, 5
Let l(m) = 7*m + 3*m**2 + 1 - 255*m**3 - 11*m**2 + 256*m**3. What are the prime factors of l(8)?
3, 19
Suppose 4*w - 8 = 0, -105*q + 102*q - w = -3101. List the prime factors of q.
1033
What are the prime